{"id":777,"date":"2022-03-23T07:12:39","date_gmt":"2022-03-23T07:12:39","guid":{"rendered":"https:\/\/visionwp.eaglevisionit.com\/strands-rederi\/?page_id=11"},"modified":"2022-04-18T13:48:30","modified_gmt":"2022-04-18T13:48:30","slug":"about","status":"publish","type":"page","link":"https:\/\/fperjoficial.com.br\/novo\/about\/","title":{"rendered":"About"},"content":{"rendered":"\n<div id=\"rise-blocks-section-block-instance-0-65bf456-1f77-e81b-1302-bbb3fe4c1b8\" class=\"wp-block-rise-blocks-section\"><div class=\"rise-blocks-full-width rise-blocks-section-wrapper\"><div class=\"rise-blocks-section-inner\">\n<div id=\"rise-blocks-section-block-instance-1-15ecb8d-ad7f-e611-3786-7c4181da87c\" class=\"wp-block-rise-blocks-section main-banner\"><div class=\"rise-blocks-boxed rise-blocks-section-wrapper\"><div class=\"rise-blocks-section-overlay\"><\/div><div class=\"rise-blocks-section-inner\">\n<div class=\"wp-block-columns align-center is-layout-flex wp-container-core-columns-is-layout-9d6595d7 wp-block-columns-is-layout-flex\">\n<div class=\"wp-block-column is-layout-flow wp-block-column-is-layout-flow\" style=\"flex-basis:50%\">\n<section id=\"rise-blocks-heading-block-instance-0-ea55186-65-ccb-15f0-f400ae5e11f0\"><div class=\"rise-blocks-heading-section wp-block-rise-blocks-heading left\"><h1 class=\"rise-blocks-title\">Most trending business<\/h1><div class=\"rise-blocks-sub-description\">Njut av Stockholm fr\u00e5n vattnet med god mat, dryck och musik n\u00e4r du kryssar runt<br><br>En of\u00f6rgl\u00f6mlig upplevelse och ett unikt minne med v\u00e4nner, kollegor eller aff\u00e4rspartners p\u00e5 v\u00e5ra fantastiska b\u00e5tar som har alla faciliteter du beh\u00f6ver.<\/div><\/div><\/section>\n\n\n\n<div id=\"rise-blocks-wp-block-rise-blocks-buttons-0-c5b03b-65d3-6e7a-fc81-5b01af514\" class=\"wp-block-rise-blocks-buttons\">\n<a id=\"rise-blocks-wp-block-rise-blocks-button-0-4efef88-2dca-da3e-04bc-ce3f70b31fc6\" class=\"wp-block-rise-blocks-button rise-blocks-icon-left\" rel=\"noopener noreferrer\" href=\"https:\/\/visionwp.eaglevisionit.com\/strands-rederi\/vara-batar\/\" target=\"\"><span class=\"rise-blocks-advanced-button-text\">See our plan<\/span><\/a>\n<\/div>\n<\/div>\n\n\n\n<div class=\"wp-block-column is-layout-flow wp-block-column-is-layout-flow\" style=\"flex-basis:50%\">\n<div id=\"rise-blocks-section-block-instance-2-acde213-4a82-b0f7-bcdd-e6c134c7104\" class=\"wp-block-rise-blocks-section hide-on-mobile\"><div class=\"rise-blocks-boxed rise-blocks-section-wrapper\"><div class=\"rise-blocks-section-inner\">\n<section id=\"rise-blocks-heading-block-instance-1-3267ed-4df5-f083-0441-536db5b242f\"><div class=\"rise-blocks-heading-section wp-block-rise-blocks-heading center\"><h2 class=\"rise-blocks-title\">Have any questions <\/h2><div class=\"rise-blocks-sub-description\">Cras ultricies ligula sed magna dictum porta. <\/div><\/div><\/section>\n\n\n<p>[contact-form-7 id=&#8221;170&#8243; title=&#8221;Booking Boat Form&#8221;]<\/p>\n<\/div><\/div><\/div>\n<\/div>\n<\/div>\n<\/div><\/div><\/div>\n\n\n\n<div id=\"rise-blocks-section-block-instance-3-7f7f222-be45-dffd-a6a-f33d15a86bd\" class=\"wp-block-rise-blocks-section arrow-right\"><div class=\"rise-blocks-boxed rise-blocks-section-wrapper\"><div class=\"rise-blocks-section-inner\">\n<section id=\"rise-blocks-heading-block-instance-2-b4368ea-334f-684a-7315-36ae2d2433a\"><div class=\"rise-blocks-heading-section wp-block-rise-blocks-heading center\"><h2 class=\"rise-blocks-title\">Take a look our unmatched <br>consulting approach<\/h2><\/div><\/section>\n\n\n\n<div id=\"rise-blocks-0-64b83f-684b-11cf-bd5-6f30d83efeec\" class=\"horizontal-scroll-mobile\"><div class=\"wp-block-rise-blocks-icon-boxes rise-blocks-save rise-blocks-center-layout\"><div class=\"rise-blocks-block-lists\">\n<div id=\"rise-blocks-wp-block-rise-blocks-icon-box-0-02778da-72c-878-a1f8-c23784474660\"><div class=\"rise-blocks-icon-box rise-blocks-center\"><div class=\"rise-blocks-icon-wrapper\"><img decoding=\"async\" src=\"https:\/\/fperjoficial.com.br\/novo\/wp-content\/uploads\/2022\/04\/icon-1.png\" alt=\"\"\/><\/div><div class=\"rise-blocks-content\"><h2 class=\"rise-blocks-title\">Business Process<\/h2><p class=\"rise-blocks-description\">Vivamus magna justo, lacinia eget consectetur sed, convallis at tellus. Praesent sapien massa.<\/p><\/div><div class=\"rise-blocks-icon-box-inner\"><\/div><\/div><\/div>\n\n\n\n<div id=\"rise-blocks-wp-block-rise-blocks-icon-box-1-30814bf-25c-70fe-fda0-6e54364ee38a\"><div class=\"rise-blocks-icon-box rise-blocks-center\"><div class=\"rise-blocks-icon-wrapper\"><img decoding=\"async\" src=\"https:\/\/fperjoficial.com.br\/novo\/wp-content\/uploads\/2022\/04\/icon-7.png\" alt=\"\"\/><\/div><div class=\"rise-blocks-content\"><h2 class=\"rise-blocks-title\">Strategy Innovision<\/h2><p class=\"rise-blocks-description\">Vivamus magna justo, lacinia eget consectetur sed, convallis at tellus. Praesent sapien massa.<\/p><\/div><div class=\"rise-blocks-icon-box-inner\"><\/div><\/div><\/div>\n\n\n\n<div id=\"rise-blocks-wp-block-rise-blocks-icon-box-2-ce6c14e-8518-64d5-4f41-cf4ad5e77e33\"><div class=\"rise-blocks-icon-box rise-blocks-center\"><div class=\"rise-blocks-icon-wrapper\"><img decoding=\"async\" src=\"https:\/\/fperjoficial.com.br\/novo\/wp-content\/uploads\/2022\/04\/icon-5.png\" alt=\"\"\/><\/div><div class=\"rise-blocks-content\"><h2 class=\"rise-blocks-title\">Sales &amp; Marketing<\/h2><p class=\"rise-blocks-description\">Vivamus magna justo, lacinia eget consectetur sed, convallis at tellus. Praesent sapien massa.<\/p><\/div><div class=\"rise-blocks-icon-box-inner\"><\/div><\/div><\/div>\n\n\n\n<div id=\"rise-blocks-wp-block-rise-blocks-icon-box-3-78d10ee-db0-05b-5b33-f8fbb5b7ea4\"><div class=\"rise-blocks-icon-box rise-blocks-center\"><div class=\"rise-blocks-icon-wrapper\"><img decoding=\"async\" src=\"https:\/\/fperjoficial.com.br\/novo\/wp-content\/uploads\/2022\/04\/icon-8.png\" alt=\"\"\/><\/div><div class=\"rise-blocks-content\"><h2 class=\"rise-blocks-title\">Supply Chain<\/h2><p class=\"rise-blocks-description\">Vivamus magna justo, lacinia eget consectetur sed, convallis at tellus. Praesent sapien massa.<\/p><\/div><div class=\"rise-blocks-icon-box-inner\"><\/div><\/div><\/div>\n\n\n\n<div id=\"rise-blocks-wp-block-rise-blocks-icon-box-4-7476e04-d7cb-05bc-e10-5d6a6af5b3a8\"><div class=\"rise-blocks-icon-box rise-blocks-center\"><div class=\"rise-blocks-icon-wrapper\"><img decoding=\"async\" src=\"https:\/\/fperjoficial.com.br\/novo\/wp-content\/uploads\/2022\/04\/icon-2.png\" alt=\"\"\/><\/div><div class=\"rise-blocks-content\"><h2 class=\"rise-blocks-title\">Digital Strategy<\/h2><p class=\"rise-blocks-description\">Vivamus magna justo, lacinia eget consectetur sed, convallis at tellus. Praesent sapien massa.<\/p><\/div><div class=\"rise-blocks-icon-box-inner\"><\/div><\/div><\/div>\n<\/div><\/div><\/div>\n<\/div><\/div><\/div>\n\n\n\n<div id=\"rise-blocks-section-block-instance-4-0efd76-b30-c8cb-3702-61a3a5881\" class=\"wp-block-rise-blocks-section\"><div class=\"rise-blocks-full-width rise-blocks-section-wrapper\"><div class=\"rise-blocks-section-overlay\"><\/div><div class=\"rise-blocks-section-inner\">\n<div id=\"rise-blocks-section-block-instance-5-077c331-c8ea-156d-550f-6018a83174d\" class=\"wp-block-rise-blocks-section\"><div class=\"rise-blocks-full-width rise-blocks-section-wrapper\"><div class=\"rise-blocks-section-inner\">\n<div class=\"wp-block-columns service-descriptions is-layout-flex wp-container-core-columns-is-layout-9d6595d7 wp-block-columns-is-layout-flex\">\n<div class=\"wp-block-column is-layout-flow wp-block-column-is-layout-flow\" style=\"flex-basis:55%\">\n<figure class=\"wp-block-image size-full\"><img decoding=\"async\" src=\"https:\/\/fperjoficial.com.br\/novo\/wp-content\/uploads\/2022\/04\/image-11-1.jpeg\" alt=\"\" class=\"wp-image-904\"\/><\/figure>\n<\/div>\n\n\n\n<div class=\"wp-block-column is-layout-flow wp-block-column-is-layout-flow\" style=\"flex-basis:45%\">\n<section id=\"rise-blocks-heading-block-instance-3-b46358f-150d-e605-a3c-46dabbbd687\"><div class=\"rise-blocks-heading-section wp-block-rise-blocks-heading left\"><h2 class=\"rise-blocks-title\">Management consulting <br>and strategy consulting<\/h2><div class=\"rise-blocks-sub-description\">Sed ut perspiciatis unde omnis iste natus error sit voluptem accusantium doloremu laudantium totam rem aperiam eaque upsa quae abillo inventore veritatis architecto<br><br>Donec sollicitudin molestie malesuada. Vivamus magna justo, lacinia eget consectetur sed, convallis at tellus. <br>Curabitur non nulla sit amet nisl tempus convallis quis ac lectus.<\/div><\/div><\/section>\n\n\n\n<div id=\"rise-blocks-wp-block-rise-blocks-buttons-1-c7c0d8f-ebf5-2574-8b51-d51d57a520a\" class=\"wp-block-rise-blocks-buttons\">\n<a id=\"rise-blocks-wp-block-rise-blocks-button-1-c5213f-3352-2654-66a-35b6312f1340\" class=\"wp-block-rise-blocks-button rise-blocks-icon-left\" rel=\"noopener noreferrer\" href=\"#\" target=\"\"><span class=\"rise-blocks-advanced-button-text\">Booking request<\/span><\/a>\n\n\n\n<a id=\"rise-blocks-wp-block-rise-blocks-button-2-55a868-523b-5d40-16d3-5d2c844dfae2\" class=\"wp-block-rise-blocks-button rise-blocks-icon-left\" rel=\"noopener noreferrer\" href=\"https:\/\/visionwp.eaglevisionit.com\/strands-rederi\/vara-batar\/\" target=\"\"><span class=\"rise-blocks-advanced-button-text\">See our plan<\/span><\/a>\n<\/div>\n<\/div>\n<\/div>\n\n\n\n<div class=\"wp-block-columns service-descriptions-left-text swap-col-mobile is-layout-flex wp-container-core-columns-is-layout-9d6595d7 wp-block-columns-is-layout-flex\">\n<div class=\"wp-block-column is-layout-flow wp-block-column-is-layout-flow\" style=\"flex-basis:45%\">\n<section id=\"rise-blocks-heading-block-instance-4-05b33d3-2a37-3151-5f30-c7f2325b8f4e\"><div class=\"rise-blocks-heading-section wp-block-rise-blocks-heading left\"><h2 class=\"rise-blocks-title\">Business &amp; consulting<\/h2><div class=\"rise-blocks-sub-description\">At vero eos et accusamus et iusto odio dignissimos ducimus qui blanditiis praesentium voluptatum deleniti atque corrupti quos dolores et quas molestias excepturi sint occaecati cupiditate non provident-.<br><br>Similique sunt in culpa qui officia deserunt mollitia animi, id est laborum et dolorum fuga.<br>Itaque earum rerum hic tenetur a sapiente delectus, ut aut reiciendis voluptatibus.<\/div><\/div><\/section>\n\n\n\n<div id=\"rise-blocks-wp-block-rise-blocks-buttons-2-551576e-b2a6-84e2-c602-eab25add2dc\" class=\"wp-block-rise-blocks-buttons\">\n<a id=\"rise-blocks-wp-block-rise-blocks-button-3-5ee54a8-2b0e-64-f318-f04126ccbc40\" class=\"wp-block-rise-blocks-button rise-blocks-icon-left\" rel=\"noopener noreferrer\" href=\"#\" target=\"\"><span class=\"rise-blocks-advanced-button-text\">Booking request<\/span><\/a>\n\n\n\n<a id=\"rise-blocks-wp-block-rise-blocks-button-4-4854c07-e5e8-f3bd-df-781a375f288\" class=\"wp-block-rise-blocks-button rise-blocks-icon-left\" rel=\"noopener noreferrer\" href=\"https:\/\/visionwp.eaglevisionit.com\/strands-rederi\/vara-batar\/\" target=\"\"><span class=\"rise-blocks-advanced-button-text\">See our plan<\/span><\/a>\n<\/div>\n<\/div>\n\n\n\n<div class=\"wp-block-column is-layout-flow wp-block-column-is-layout-flow\" style=\"flex-basis:55%\">\n<figure class=\"wp-block-image size-large\"><img decoding=\"async\" src=\"https:\/\/preview.risethemes.com\/sites\/visionwp\/wp-content\/uploads\/sites\/50\/2022\/04\/desk-computer-writing-apple-working-girl-912909-pxhere.com_-1024x682.jpg\" alt=\"\" class=\"wp-image-973\"\/><\/figure>\n<\/div>\n<\/div>\n\n\n\n<div class=\"wp-block-columns service-descriptions is-layout-flex wp-container-core-columns-is-layout-9d6595d7 wp-block-columns-is-layout-flex\">\n<div class=\"wp-block-column is-layout-flow wp-block-column-is-layout-flow\" style=\"flex-basis:55%\">\n<figure class=\"wp-block-image size-large\"><img decoding=\"async\" src=\"https:\/\/preview.risethemes.com\/sites\/visionwp\/wp-content\/uploads\/sites\/50\/2022\/04\/asian-beautiful-cellphone-chat-chatting-communication-1451173-pxhere.com_-1024x682.jpg\" alt=\"\" class=\"wp-image-957\"\/><\/figure>\n<\/div>\n\n\n\n<div class=\"wp-block-column is-layout-flow wp-block-column-is-layout-flow\" style=\"flex-basis:45%\">\n<section id=\"rise-blocks-heading-block-instance-5-4ed03fc-e2f-6e37-2fad-1b71740cc3e\"><div class=\"rise-blocks-heading-section wp-block-rise-blocks-heading left\"><h2 class=\"rise-blocks-title\">Build a better career with visionWP<\/h2><div class=\"rise-blocks-sub-description\">At vero eos et accusamus et iusto odio dignissimos ducimus qui blanditiis praesentium voluptatum deleniti atque corrupti quos dolores et quas molestias excepturi sint occaecati cupiditate non provident-.<br><br>Similique sunt in culpa qui officia deserunt mollitia animi, id est laborum et dolorum fuga.<br>Itaque earum rerum hic tenetur a sapiente delectus, ut aut reiciendis voluptatibus.<\/div><\/div><\/section>\n\n\n\n<div id=\"rise-blocks-wp-block-rise-blocks-buttons-3-dc3ff31-d328-61ab-1ce0-d81206a8e4b5\" class=\"wp-block-rise-blocks-buttons\">\n<a id=\"rise-blocks-wp-block-rise-blocks-button-5-8baa300-f77-4f37-cf5-3cad20c1e46d\" class=\"wp-block-rise-blocks-button rise-blocks-icon-left\" rel=\"noopener noreferrer\" href=\"#\" target=\"\"><span class=\"rise-blocks-advanced-button-text\">Booking request<\/span><\/a>\n\n\n\n<a id=\"rise-blocks-wp-block-rise-blocks-button-6-eb8b5a-46a6-413e-daed-b4b0811137fd\" class=\"wp-block-rise-blocks-button rise-blocks-icon-left\" rel=\"noopener noreferrer\" href=\"https:\/\/visionwp.eaglevisionit.com\/strands-rederi\/ex-student\/\" target=\"\"><span class=\"rise-blocks-advanced-button-text\">Read more<\/span><\/a>\n<\/div>\n<\/div>\n<\/div>\n<\/div><\/div><\/div>\n<\/div><\/div><\/div>\n<\/div><\/div><\/div>\n","protected":false},"excerpt":{"rendered":"","protected":false},"author":1,"featured_media":0,"parent":0,"menu_order":0,"comment_status":"closed","ping_status":"closed","template":"page-templates\/full-width.php","meta":{"footnotes":""},"class_list":["post-777","page","type-page","status-publish","hentry"],"rise-blocks_excerpt":"","_links":{"self":[{"href":"https:\/\/fperjoficial.com.br\/novo\/wp-json\/wp\/v2\/pages\/777","targetHints":{"allow":["GET"]}}],"collection":[{"href":"https:\/\/fperjoficial.com.br\/novo\/wp-json\/wp\/v2\/pages"}],"about":[{"href":"https:\/\/fperjoficial.com.br\/novo\/wp-json\/wp\/v2\/types\/page"}],"author":[{"embeddable":true,"href":"https:\/\/fperjoficial.com.br\/novo\/wp-json\/wp\/v2\/users\/1"}],"replies":[{"embeddable":true,"href":"https:\/\/fperjoficial.com.br\/novo\/wp-json\/wp\/v2\/comments?post=777"}],"version-history":[{"count":2,"href":"https:\/\/fperjoficial.com.br\/novo\/wp-json\/wp\/v2\/pages\/777\/revisions"}],"predecessor-version":[{"id":2189,"href":"https:\/\/fperjoficial.com.br\/novo\/wp-json\/wp\/v2\/pages\/777\/revisions\/2189"}],"wp:attachment":[{"href":"https:\/\/fperjoficial.com.br\/novo\/wp-json\/wp\/v2\/media?parent=777"}],"curies":[{"name":"wp","href":"https:\/\/api.w.org\/{rel}","templated":true}]}}